945)/h + ((-4)/(-14) - a) a prime number?
False
Let q(l) = 29*l**2 + 55 - 2*l - 8*l - 65 + 3*l + l**3. Is q(13) composite?
False
Is (-6)/(-30) + (-29012032)/(-140) composite?
True
Let j = -4330 - -127463. Is j a composite number?
True
Is 63/(-54)*((-1)/(-2))/(3/(-12097044)) prime?
False
Suppose -6*b + 173 = 47. Suppose -99625 = -4*m - b*m. Is m prime?
False
Suppose 14*z = 25*z - 20614. Suppose 11*v - z = 9*v. Is v prime?
True
Let r(q) = -1725*q + 811. Is r(-78) a composite number?
True
Suppose -3*w = -3*k + w + 14159, -w = k - 4729. Let j = 7976 - k. Is j a prime number?
True
Suppose -16*n + 5957 = -9*n. Suppose -7*z = -n - 1578. Is z prime?
True
Suppose 646033 = 7*s - 4*t - 36264, -3*t - 292413 = -3*s. Is s a prime number?
False
Suppose s - 162194 = -24*s + 66581. Is s prime?
True
Suppose -y - 3*n = n + 11, -2*y - 4*n = 42. Let t = 34 + y. Is t/(-21) - 21120/(-56) a composite number?
True
Let v be (-2)/(-4) - 5/10. Suppose -h - 8*p = -10*p - 8041, -h - 2*p + 8037 = v. Is h composite?
False
Let u(t) = 20*t**2 - 127*t - 130. Is u(-33) a composite number?
False
Let m = 32 - 34. Let a be (-3961)/(-2) + m/(-4). Suppose g - a = -4*h, -3*g + 0*g = -2*h - 5915. Is g a prime number?
True
Let w = -177 + 171. Is w/(-21) - (-286164)/84 a prime number?
True
Suppose -5*v + 12 = -4*y, -y - 2 = 5*v + 1. Suppose -c - 3*o + 6 = v, 5*c = c + 4*o - 40. Is (-6)/(-4)*(-1004)/c composite?
False
Suppose 2*g - 42 = -34. Let v(q) = -q + 7. Let s be v(g). Let a(m) = 2*m**3 + 2*m**2 + 6*m - 5. Is a(s) prime?
False
Suppose 0 = -561*l - 64*l + 91*l + 168921822. Is l prime?
False
Suppose 0 = 2*y + 4*y - 96. Suppose -50 = -5*q - 3*p, 3*q + 2*p - 14 = y. Suppose -6*i + q*i = 628. Is i a composite number?
False
Let t = 189 + -183. Let m(a) = 3938*a - 1. Let v be m(-1). Is ((-2)/t)/(1/v) a prime number?
False
Suppose r = -z - 4166, -3*r = -4*z + 4661 + 7823. Let b = r - -14081. Is b a prime number?
False
Let n = -6 - -8. Let m be n - (1 + -7)/2. Suppose 3*a - 4*j = 273, m*j + 145 = 2*a - 44. Is a a composite number?
True
Let z be ((-3)/(-2))/(5/10). Suppose -z*r + 6 = -r. Is r + 1 + (-432)/(-8) composite?
True
Let j = -11070 - -66533. Is j prime?
False
Let n(h) = h**2 - 20*h - 53. Let g be n(26). Suppose -64 + g = -3*u. Let f(m) = -m**3 - m**2 - 18*m + 25. Is f(u) a prime number?
True
Let b(k) = -116*k**3 + 17*k**2 + 23*k + 287. Is b(-11) prime?
True
Suppose -4*h - 4*z = -52, -2*z = 3*h - 4*z - 14. Suppose 5*n = 6*n - h. Suppose -812 = -n*j + 1068. Is j a prime number?
False
Suppose -11*a + 17*a = 42. Let l(g) = 321*g**2 + 24*g - 208. Is l(a) a prime number?
False
Let j(v) = -v**3 + 5*v**2 - 3*v - 1. Let b be j(3). Let m(s) = 8*s + 4*s**2 - 6*s + 2*s + 3*s - 3 + s. Is m(b) a prime number?
True
Let u be (-2253112)/(-170) + 6/(-10). Suppose 5*n - 8*d - 16575 = -3*d, 4*n = -3*d + u. Is n prime?
False
Let f(l) = -11*l - 119. Let k be f(-11). Let q be (-12568)/5 - (-8)/(-20). Is k/(q/2518 - (0 - 1)) a composite number?
False
Suppose 3*i + 4*k = 9, k - 10 = -4*i + 15. Let y(u) be the first derivative of 43*u**3/3 + 11*u**2/2 - 7*u - 978. Is y(i) a composite number?
True
Let t = 1678226 + -925813. Is t a composite number?
False
Let m = -7 - -11. Suppose 0*s + 8352 = -m*s. Let t = 3341 + s. Is t prime?
False
Let f be -2 + 10/4 - (-19)/2. Suppose 5*x = 3*k + 2*x - 894, f = 2*x. Let l = 286 + k. Is l a composite number?
True
Suppose 6645 = 4*f - f. Suppose -7377*a + 60 = -7367*a. Suppose q + f = a*q. Is q a prime number?
True
Is (-1802814)/(-20) - (-21)/70 a composite number?
True
Let q(r) = -r**3 + 54*r**2 - 57*r + 160. Let l be q(52). Let i = -2656 - -4173. Let t = l - i. Is t a composite number?
False
Let q = 76 - 24. Is 13/q + 3030/8 prime?
True
Let s(m) = -119*m**3 + 7*m**2 + 3*m + 22. Let r(w) = w**3 - 18*w**2 - 3*w + 47. Let g be r(18). Is s(g) composite?
False
Let t(c) = 78*c + 5. Suppose -2*z + 13 + 3 = 0. Let k(w) = -w**2 + 11*w - 8. Let h be k(z). Is t(h) prime?
False
Is ((-4)/(-10))/((-360)/400) + (-2323417)/(-9) a prime number?
True
Let n be (7 + -2)/1 - 0/(-37). Let g(r) = -r + 7. Let i be g(3). Suppose -1944 = -0*d - 4*d - i*q, n*q = -25. Is d a composite number?
False
Let h(c) = 189*c**2 + 13*c + 1. Let y be h(-2). Suppose -4*a + 2*a = 3*d - 733, -d + y = 2*a. Is a a composite number?
True
Suppose 0 = 3*n - 3*z + 6, 42*n - 45*n - 2*z + 4 = 0. Suppose n = 4*s + 5*l - 25848, 2*l = 11*s - 7*s - 25876. Is s prime?
False
Suppose 5*q = 15, 2*s - 3*q - 51 = 2*q. Let v = s - -78. Is v composite?
True
Let m(t) = -1425*t + 404. Is m(-15) a composite number?
True
Let d = 827 + -483. Is 251/(d/68 - 5) composite?
True
Let s = 68981 - 13012. Is s a prime number?
False
Is -497*(0 - 1 - 11) + 5 a prime number?
False
Let d = -196531 + 334584. Is d a prime number?
True
Let m(v) = 4495*v - 211. Let b(x) = 4493*x - 208. Let h(w) = 5*b(w) - 4*m(w). Is h(5) a prime number?
True
Is 6*4/(-54) - (-13327870)/738 prime?
True
Suppose 0 = -7*x - 6*w + 5*w + 5455385, 0 = -4*x + 4*w + 3117372. Is x a prime number?
True
Let h(n) = 11297*n - 7292. Is h(5) composite?
False
Let i be ((-4)/26 - 384/39) + 2. Is 469 + 0*i/(-24) a composite number?
True
Suppose -4*j - j = 5*s, -12 = 4*j. Let w(n) = 592*n - 16. Let y be w(s). Suppose 2*c + 5*o - 2*o - y = 0, -3*o + 4391 = 5*c. Is c a composite number?
False
Let j(b) = -b**3 + 18*b**2 + 8*b + 5. Let v be (-45)/15*(0 - 1). Suppose -58 + 4 = -3*d + s, 4*d - v*s - 72 = 0. Is j(d) prime?
True
Let a be (-6)/(-9) + (-170)/(-6). Let f = a - 23. Suppose -14 = f*z - 3212. Is z a composite number?
True
Let a be (8/5)/(((-2)/30)/(-1)). Suppose 27*m - 1839 = a*m. Is m prime?
True
Suppose -95*i + 85903021 = 62*i. Is i prime?
False
Let v be 25707 + 1*(-1 + -1). Suppose 2*j - 1965 = v. Is j prime?
False
Let n = 1 - -2. Suppose 3 = -3*z + 3*j, -n*z - 4*j + 6 + 12 = 0. Let b(k) = 150*k**3 + 2*k**2 + 3*k - 1. Is b(z) a composite number?
False
Suppose 43*d - 12 = 39*d. Suppose -d*f + t = -1492, -4*t - 3 = 1. Is f composite?
True
Let q = -20850 + -9406. Let p = -20663 - q. Is p a prime number?
False
Suppose 24*l - 327850 - 1630814 = 0. Is l prime?
True
Let q(l) = l**2 - 5*l + 27. Let w be q(34). Let a = 1586 - w. Is a a prime number?
False
Let i(v) = -1359*v**3 - 3*v**2 + 2*v. Let m be i(2). Let n = 19013 + m. Is n a composite number?
True
Let x = 263375 + -28086. Is x a composite number?
False
Let f(m) = 17385*m**2 - 12*m - 25. Suppose 91*g - 69*g = -44. Is f(g) prime?
True
Let h(l) = 508*l**2 - 13*l - 4. Let y be h(4). Suppose 2*a - 23 = -3*c + y, c - 2*a = 2701. Is c a prime number?
True
Suppose -2*h = -3332 + 11660. Let y = h + 5923. Is y a prime number?
True
Is (-1)/((30/(-344815))/6) composite?
False
Suppose 14*y - 6 = 4*t + 16*y, -4*t - 5 = 3*y. Suppose -2*i + 14 = -4. Is 3/t*((-672)/i - 2) composite?
True
Suppose -5*h + 330699 = 100684. Is h a composite number?
True
Let m(x) = 6*x**2 - 7*x - 6. Let b = -52 - -86. Let w = b - 38. Is m(w) a composite number?
True
Suppose -136*u + 131*u = -70. Is 70/(-245) + 51230/u composite?
False
Suppose -146*r + 11533159 = -3890070 - 5657565. Is r prime?
False
Let t = 4103 - -6572. Suppose -3*k + 5*a = -8028, 4*k - 4*a - t = -7*a. Is k prime?
True
Is 5752862/27 - 148/(-3996) composite?
True
Let i = -219 - -230. Let h(a) = 5*a**2 + 13*a + 7. Is h(i) prime?
False
Let d(b) = b**3 - 18*b**2 + 132*b - 14. Is d(51) a composite number?
False
Suppose -y + 2*q - 5887 = 0, 0 = -y - 5*q + q - 5905. Let j = y - -14892. Is j a prime number?
True
Suppose 0 = -3*f - 6, -2*u + 16*f + 70944 = 15*f. Is u a prime number?
False
Suppose -i = -60 + 55. Suppose -6*n + n = 4*j - 25, i*j = 2*n - 10. Suppose -n*f = -2222 - 4373. Is f prime?
True
Let r(c) = 123*c**2 + 44*c + 1358. Is r(-23) a composite number?
False
Let t(x) = 73*x - 46. Let b be t(13). Suppose 10*s = b + 1627. Is s a prime number?
False
Suppose -299 = -m + 70. Suppose -m*s = -364*s - 5815. Is s composite?
False
Let l(q) = -q**3 - 17*q**2 + 17*q - 38. Let m be 4 + ((-424)/20 - (-8)/(-10)). Let k be l(m). Is (-219 - k/(-5))*(-1 + 0) composite?
False
Suppose -a = -5*w + 4, -2*a - 3*a = -4*w + 20. Let r be (-2)/((a/5)/((-4)/(-10))). Is (-1)/((r/39)/(-1)) composite?
True
Let a(f) = 28*f + 108. Let z be a(-4). Is 12/18*1*(-125262)/z prime?
False
Let r(x) = -3*x - 2. Let f be r(-5). Let m = f + -11.